o + l = 9. Let a be d(o). Suppose -3 = -2*j + 1. Calculate the greatest common factor of j and a.
2
Let i(t) = -t**3 + 7*t**2 - 5*t - 3. Let n be i(6). Let r(g) = g + 8. Let k be r(6). Let y be (-4)/k - 764/(-28). What is the highest common divisor of y and n?
3
Let j(y) = 6*y. Let q be j(6). Let k = -80 - -92. What is the highest common divisor of q and k?
12
Suppose -5*f = 3*w - 12, 0 = w - 5*w - 2*f + 16. Let h = 1 + 9. Calculate the highest common divisor of w and h.
2
Let u be (-1 - 0)/((-2)/62). Suppose h + 3*t = 2*t - 1, 0 = -5*h + 3*t - 45. Let r be (248/10)/(h/(-30)). Calculate the greatest common divisor of u and r.
31
Let z(x) = x**2 + x + 3. Let i be z(-7). What is the highest common divisor of i and 855?
45
Let c(d) = d**2 - 2*d - 3. Let x be c(3). Let j be (x/12)/(-1 - -2). Suppose 210 = 7*m - j*m. Calculate the greatest common divisor of m and 45.
15
Let y = 38 - 35. Suppose 2*s - 2*i - 180 = -y*i, -3*s + 268 = i. What is the highest common divisor of s and 22?
22
Let k(b) = -b**3 + b**2 + 4*b + 2. Let g be k(-4). Suppose 15*r - 418 = -4*r. What is the highest common factor of r and g?
22
Suppose -58*m + 54*m = -88. Let w(v) = -v + 22. Let h be w(0). What is the greatest common factor of m and h?
22
Let c be -5*(2 - 48/20). Let j be c/4*1 - (-51)/6. What is the greatest common factor of 81 and j?
9
Let q(k) = k**3 + 6*k**2 - 5*k + 6. Let l be 1/5 - 494/95. Let n be q(l). What is the greatest common factor of n and 8?
8
Let i be -1*2 + (5 + -34 - 2). Let v be i/(-2 + -1) + (1 - 3). Calculate the highest common divisor of v and 225.
9
Suppose -3*b + 7*b = 48. Calculate the greatest common factor of b and 32.
4
Suppose 0*g - 6 = -2*g. Let j be g/6 - 1/2. Suppose j = 6*x - x - 5. What is the greatest common divisor of 7 and x?
1
Suppose 71 + 303 = 11*r. Calculate the greatest common factor of 238 and r.
34
Let r be (63 - 209)*-2*1. What is the highest common factor of r and 4?
4
Suppose 4*l - 255 = 45. Let v = 9 - 17. Let q = v - -23. Calculate the greatest common factor of q and l.
15
Let d(v) = -v**3 - 9*v**2 + 10*v. Let w be d(-10). Suppose -h = -w*h - 70. What is the highest common factor of 20 and h?
10
Suppose 507 = 3*g - 2*s - s, g - 5*s = 165. Suppose -3*v = -v - g. Let i = -12 - -29. What is the highest common factor of v and i?
17
Suppose -3*t = 2*b - 87, -4*t + 176 = 4*b - 0*t. Let d be 135/(-6)*2/(-3). Calculate the highest common divisor of b and d.
15
Let k be ((-2)/4)/(2/(-56)). Suppose -25 = -5*z - 5*i, 9 = 3*z - 3*i + 4*i. Suppose -z*m + 294 = m. What is the highest common factor of m and k?
14
Let a = -143 + 168. What is the greatest common factor of a and 275?
25
Let j = -106 - -262. What is the greatest common divisor of j and 12?
12
Let v be (15/(-6))/5*-120. Suppose -v - 108 = -8*g. Calculate the greatest common factor of g and 21.
21
Suppose -6*f = f + 84. Let w be (-1328)/f - 2/3. Let q = w + -75. What is the greatest common factor of 70 and q?
35
Let x(u) = -10*u - 12 - u**3 - 9*u**2 + 7 + 9. Let k be x(-8). What is the highest common factor of k and 10?
10
Suppose a = -2 - 3, -3*n - 3*a - 9 = 0. Let b = 3 - n. Let f be -1 + (-30)/(-3) + b. Calculate the highest common divisor of 4 and f.
2
Let d be (-5700)/665*(2 + (-33)/6). Calculate the greatest common divisor of 610 and d.
10
Suppose -p - 2 = p, 0 = -5*n - p + 79. What is the greatest common factor of 128 and n?
16
Let c(u) be the first derivative of -2 - 1/3*u**3 - 5*u + 15/2*u**2. Let g be c(11). Calculate the greatest common divisor of 26 and g.
13
Let s(k) = 3*k**2 + 4*k + 48. Let b be s(0). What is the greatest common divisor of 18 and b?
6
Let q be 14 - 1 - 9/(-6)*2. Suppose m - q = -7*m. Calculate the greatest common divisor of 1 and m.
1
Let m(z) be the third derivative of z**6/120 - z**5/12 + z**4/4 - z**3/3 - 2*z**2. Let x be m(4). What is the greatest common divisor of 30 and x?
6
Let r = -127 - -129. Suppose 0 = -r*d + 3*d - 81. What is the greatest common factor of 9 and d?
9
Let l = 4 - -1. Let m = -2 + l. Suppose -m*u + 5 = 2. What is the greatest common factor of u and 5?
1
Suppose 0 = -7*r + 11*r + z - 535, r - 4*z = 155. Calculate the highest common divisor of r and 495.
45
Let l = 57 + -53. Suppose -6*i + q = -2*i - 83, l*q + 72 = 3*i. What is the greatest common factor of i and 140?
20
Let s(g) = -g**2 + 10*g + 4. Let r be s(10). Suppose -136 = -6*d + r*d. Calculate the highest common divisor of d and 170.
34
Suppose 29 = b - 39. Suppose 13 = 3*w - 140. What is the highest common divisor of b and w?
17
Suppose -2*d = 3*d + 50. Let z = 10 + d. Suppose 5*v - b - 105 = 2*b, z = 3*v + 2*b - 82. Calculate the greatest common divisor of 168 and v.
24
Let q be 8 - (5 + 0) - -3 - 10. Suppose 4*y + 3 = 3*p, -2*p + 5*p = -4*y + 3. Let o be y + q + 10 + 3. Calculate the highest common divisor of o and 27.
9
Suppose -2*m + 6 - 2 = 0. Suppose 27 = m*r + r. What is the highest common divisor of 36 and r?
9
Suppose 8*r + 5 = 3*r. Let s = r - -4. Suppose 0 = -5*f + 4*t + 165, 2*t + 92 + 40 = 4*f. Calculate the highest common factor of f and s.
3
Let k(j) = 4*j**3 - 12*j**2 + 16*j. Let d be k(2). Calculate the greatest common divisor of 496 and d.
16
Let v be 2 + 0 + -1 + 1743/3. What is the greatest common divisor of 6 and v?
6
Let r = -121 + 214. Suppose m = 3*k + r, -m - m + 198 = -3*k. Calculate the greatest common factor of m and 42.
21
Suppose -4*y - 8 = 0, -5*i + 60 + 30 = 5*y. Calculate the greatest common factor of 30 and i.
10
Let r = 184 + -180. Calculate the greatest common factor of r and 34.
2
Let t = -96 + 135. Let y be ((-104)/14)/((-22)/77). What is the greatest common factor of t and y?
13
Suppose -o = u - 2, -u = -2*o - 6*u + 1. Let w be (-5)/(10/(-8)) - o. Calculate the greatest common factor of w and 7.
1
Let u = 61 + -32. Let l(a) = -7*a**2 + 4*a + 116. Let c be l(0). Calculate the highest common factor of c and u.
29
Suppose -2*h = 5*o - 6019, -4*h - 4*o = -7*o - 12051. Suppose 0 = -5*i + h - 592. Suppose 5*x - i = 146. What is the highest common factor of x and 18?
18
Suppose 5*c - 6 - 4 = 0, 0 = -a + 2*c + 607. What is the greatest common factor of 47 and a?
47
Let j(g) = g**2 + 3*g + 8. Let b be j(-4). Suppose -3*k + 92 = -3*d - d, -152 = -4*k - 2*d. Calculate the greatest common factor of k and b.
12
Let k be 1/(-8) + 10/80. Let b be (4/10 - k) + 1518/5. Calculate the highest common factor of b and 16.
16
Suppose -i + l - 61 = -89, -l = 3. Calculate the greatest common factor of 40 and i.
5
Let c(h) = h**3 - h**2 - 23*h - 3. Let z be c(6). What is the greatest common factor of 351 and z?
39
Suppose -9*g + 2*g = -105. Let q be g - -1*(0 + 1). What is the greatest common factor of q and 16?
16
Suppose -1217 = -l - 1137. What is the greatest common factor of 520 and l?
40
Let d(b) = 51*b - 114. Let p be d(4). What is the greatest common factor of 190 and p?
10
Suppose 5*i + 5*u = 175, -5*u + 174 = 4*i + 30. Suppose i = 4*c - 193. Let f = c + -28. What is the highest common factor of 4 and f?
4
Suppose 3*k - 195 = 3*b, -b + 56 = -5*k + 377. Suppose -3*w = -5*p - 43, 6*p - 53 = -3*w + p. Calculate the highest common divisor of w and k.
16
Suppose -12*o + 27 = -3*o. Suppose 0 = -2*b + 5*b - 2*j - 15, -o = -5*b - 4*j. What is the greatest common factor of b and 15?
3
Let v = 811 + -497. What is the greatest common divisor of v and 2?
2
Let x be 2/(-8) + 138/8. Suppose 45*c - 217 - 548 = 0. What is the greatest common factor of c and x?
17
Suppose -56 = -6*o + 70. Let d be (-3)/(-2 - o/(-15)). What is the highest common factor of d and 10?
5
Let w(t) = -6 - 6 + 0*t**2 + 6*t + 6*t - t**3 - 7*t**2. Let l be w(-9). What is the greatest common factor of 28 and l?
14
Suppose 0 = 7*h - 2804 + 564. What is the greatest common factor of h and 256?
64
Let h = -847 + 895. Calculate the greatest common divisor of 552 and h.
24
Suppose -5*t + 6*t - 48 = 0. What is the highest common divisor of 216 and t?
24
Suppose -5*k = 3*n - 507, 407 = 4*k + 12*n - 11*n. Calculate the greatest common factor of 272 and k.
34
Let o(k) = k**3 + 10*k**2 - 25*k - 10. Let u be o(-12). Let d(f) = 16*f - 2. Let c be d(u). Calculate the greatest common divisor of c and 10.
10
Let f(q) be the first derivative of q**3/3 - q**2/2 + 3. Let w be f(4). Let z(u) = u**2